[INFO] cloning repository https://github.com/bbrown1867/dashcam-rs
[INFO] running `Command { std: "git" "-c" "credential.helper=" "-c" "credential.helper=/workspace/cargo-home/bin/git-credential-null" "clone" "--bare" "https://github.com/bbrown1867/dashcam-rs" "/workspace/cache/git-repos/https%3A%2F%2Fgithub.com%2Fbbrown1867%2Fdashcam-rs", kill_on_drop: false }`
[INFO] [stderr] Cloning into bare repository '/workspace/cache/git-repos/https%3A%2F%2Fgithub.com%2Fbbrown1867%2Fdashcam-rs'...
[INFO] running `Command { std: "git" "rev-parse" "HEAD", kill_on_drop: false }`
[INFO] [stdout] 530fa52d123605f4abcf76f64a00c74959b70772
[INFO] checking bbrown1867/dashcam-rs against master#af3c6e733a40e671550e0f0f5aeecaa13772ba56 for pr-74989
[INFO] running `Command { std: "git" "clone" "/workspace/cache/git-repos/https%3A%2F%2Fgithub.com%2Fbbrown1867%2Fdashcam-rs" "/workspace/builds/worker-0/source", kill_on_drop: false }`
[INFO] [stderr] Cloning into '/workspace/builds/worker-0/source'...
[INFO] [stderr] done.
[INFO] validating manifest of git repo https://github.com/bbrown1867/dashcam-rs on toolchain af3c6e733a40e671550e0f0f5aeecaa13772ba56
[INFO] running `Command { std: "/workspace/cargo-home/bin/cargo" "+af3c6e733a40e671550e0f0f5aeecaa13772ba56" "read-manifest" "--manifest-path" "Cargo.toml", kill_on_drop: false }`
[INFO] removed /workspace/builds/worker-0/source/.cargo/config
[INFO] started tweaking git repo https://github.com/bbrown1867/dashcam-rs
[INFO] removed path dependency stm32f7xx-hal from git repo https://github.com/bbrown1867/dashcam-rs
[INFO] finished tweaking git repo https://github.com/bbrown1867/dashcam-rs
[INFO] tweaked toml for git repo https://github.com/bbrown1867/dashcam-rs written to /workspace/builds/worker-0/source/Cargo.toml
[INFO] crate git repo https://github.com/bbrown1867/dashcam-rs already has a lockfile, it will not be regenerated
[INFO] running `Command { std: "/workspace/cargo-home/bin/cargo" "+af3c6e733a40e671550e0f0f5aeecaa13772ba56" "fetch" "--locked" "--manifest-path" "Cargo.toml", kill_on_drop: false }`
[INFO] [stderr] warning: dependency (stm32f7xx-hal) specified without providing a local path, Git repository, or version to use. This will be considered an error in future versions
[INFO] running `Command { std: "docker" "create" "-v" "/var/lib/crater-agent-workspace/builds/worker-0/target:/opt/rustwide/target:rw,Z" "-v" "/var/lib/crater-agent-workspace/builds/worker-0/source:/opt/rustwide/workdir:ro,Z" "-v" "/var/lib/crater-agent-workspace/cargo-home:/opt/rustwide/cargo-home:ro,Z" "-v" "/var/lib/crater-agent-workspace/rustup-home:/opt/rustwide/rustup-home:ro,Z" "-e" "SOURCE_DIR=/opt/rustwide/workdir" "-e" "CARGO_TARGET_DIR=/opt/rustwide/target" "-e" "CARGO_HOME=/opt/rustwide/cargo-home" "-e" "RUSTUP_HOME=/opt/rustwide/rustup-home" "-w" "/opt/rustwide/workdir" "-m" "1610612736" "--user" "0:0" "--network" "none" "rustops/crates-build-env@sha256:d92eaeed33fa75130ca1ee6c8a01d1ffb62bac859dfdfb3450e3e5d1c0146529" "/opt/rustwide/cargo-home/bin/cargo" "+af3c6e733a40e671550e0f0f5aeecaa13772ba56" "metadata" "--no-deps" "--format-version=1", kill_on_drop: false }`
[INFO] [stdout] d2dbb92c140bf3d481ac1f9c2c084e7e52df8c0585b675c7c06fa2ffcafdfb65
[INFO] [stderr] WARNING: Your kernel does not support swap limit capabilities or the cgroup is not mounted. Memory limited without swap.
[INFO] running `Command { std: "docker" "start" "-a" "d2dbb92c140bf3d481ac1f9c2c084e7e52df8c0585b675c7c06fa2ffcafdfb65", kill_on_drop: false }`
[INFO] running `Command { std: "docker" "inspect" "d2dbb92c140bf3d481ac1f9c2c084e7e52df8c0585b675c7c06fa2ffcafdfb65", kill_on_drop: false }`
[INFO] running `Command { std: "docker" "rm" "-f" "d2dbb92c140bf3d481ac1f9c2c084e7e52df8c0585b675c7c06fa2ffcafdfb65", kill_on_drop: false }`
[INFO] [stdout] d2dbb92c140bf3d481ac1f9c2c084e7e52df8c0585b675c7c06fa2ffcafdfb65
[INFO] running `Command { std: "docker" "create" "-v" "/var/lib/crater-agent-workspace/builds/worker-0/target:/opt/rustwide/target:rw,Z" "-v" "/var/lib/crater-agent-workspace/builds/worker-0/source:/opt/rustwide/workdir:ro,Z" "-v" "/var/lib/crater-agent-workspace/cargo-home:/opt/rustwide/cargo-home:ro,Z" "-v" "/var/lib/crater-agent-workspace/rustup-home:/opt/rustwide/rustup-home:ro,Z" "-e" "SOURCE_DIR=/opt/rustwide/workdir" "-e" "CARGO_TARGET_DIR=/opt/rustwide/target" "-e" "CARGO_INCREMENTAL=0" "-e" "RUST_BACKTRACE=full" "-e" "RUSTFLAGS=--cap-lints=forbid" "-e" "CARGO_HOME=/opt/rustwide/cargo-home" "-e" "RUSTUP_HOME=/opt/rustwide/rustup-home" "-w" "/opt/rustwide/workdir" "-m" "1610612736" "--user" "0:0" "--network" "none" "rustops/crates-build-env@sha256:d92eaeed33fa75130ca1ee6c8a01d1ffb62bac859dfdfb3450e3e5d1c0146529" "/opt/rustwide/cargo-home/bin/cargo" "+af3c6e733a40e671550e0f0f5aeecaa13772ba56" "check" "--frozen" "--all" "--all-targets" "--message-format=json", kill_on_drop: false }`
[INFO] [stdout] 813ae0aed0dfe22b0cb31923a4df9ca7ae8cfe43bf72b8c120e2df195bf71d8d
[INFO] [stderr] WARNING: Your kernel does not support swap limit capabilities or the cgroup is not mounted. Memory limited without swap.
[INFO] running `Command { std: "docker" "start" "-a" "813ae0aed0dfe22b0cb31923a4df9ca7ae8cfe43bf72b8c120e2df195bf71d8d", kill_on_drop: false }`
[INFO] [stderr] warning: dependency (stm32f7xx-hal) specified without providing a local path, Git repository, or version to use. This will be considered an error in future versions
[INFO] [stderr]    Compiling semver-parser v0.7.0
[INFO] [stderr]    Compiling typenum v1.12.0
[INFO] [stderr]    Compiling proc-macro2 v1.0.20
[INFO] [stderr]    Compiling unicode-xid v0.2.1
[INFO] [stderr]     Checking stable_deref_trait v1.2.0
[INFO] [stderr]    Compiling syn v1.0.40
[INFO] [stderr]    Compiling cortex-m v0.6.3
[INFO] [stderr]     Checking vcell v0.1.2
[INFO] [stderr]    Compiling cortex-m-rt v0.6.12
[INFO] [stderr]     Checking bitfield v0.13.2
[INFO] [stderr]     Checking nb v1.0.0
[INFO] [stderr]     Checking r0 v0.2.2
[INFO] [stderr]    Compiling stm32f7 v0.11.0
[INFO] [stderr]     Checking void v1.0.2
[INFO] [stderr]    Compiling heapless v0.5.5
[INFO] [stderr]     Checking micromath v1.0.1
[INFO] [stderr]     Checking ufmt-write v0.1.0
[INFO] [stderr]     Checking volatile-register v0.2.0
[INFO] [stderr]     Checking hash32 v0.1.1
[INFO] [stderr]     Checking nb v0.1.3
[INFO] [stderr]     Checking embedded-hal v0.2.4
[INFO] [stderr]    Compiling semver v0.9.0
[INFO] [stderr]    Compiling rustc_version v0.2.3
[INFO] [stderr]    Compiling bare-metal v0.2.5
[INFO] [stderr]    Compiling cast v0.2.3
[INFO] [stderr]    Compiling quote v1.0.7
[INFO] [stderr]     Checking generic-array v0.12.3
[INFO] [stderr]     Checking generic-array v0.13.2
[INFO] [stderr]     Checking as-slice v0.1.3
[INFO] [stderr]     Checking aligned v0.3.4
[INFO] [stderr]     Checking rtt-target v0.2.2
[INFO] [stderr]    Compiling cortex-m-rt-macros v0.1.8
[INFO] [stderr]     Checking stm32f7xx-hal v0.2.0
[INFO] [stderr]     Checking nucleof767zi-rs v0.1.0 (https://github.com/bbrown1867/nucleof767zi-rs#44f175a5)
[INFO] [stderr]     Checking dashcam-rs v0.1.0 (/opt/rustwide/workdir)
[INFO] [stdout] error[E0432]: unresolved imports `stm32f7xx_hal::pac`, `stm32f7xx_hal::pac`
[INFO] [stdout]   --> src/main.rs:28:5
[INFO] [stdout]    |
[INFO] [stdout] 28 |     pac::{self, DCMI, DMA2, RCC},
[INFO] [stdout]    |     ^^^   ^^^^ no `pac` in the root
[INFO] [stdout]    |     |
[INFO] [stdout]    |     could not find `pac` in `stm32f7xx_hal`
[INFO] [stdout] 
[INFO] [stdout] 
[INFO] [stdout] error[E0432]: unresolved imports `stm32f7xx_hal::pac`, `stm32f7xx_hal::pac`
[INFO] [stdout]   --> src/main.rs:28:5
[INFO] [stdout]    |
[INFO] [stdout] 28 |     pac::{self, DCMI, DMA2, RCC},
[INFO] [stdout]    |     ^^^   ^^^^ no `pac` in the root
[INFO] [stdout]    |     |
[INFO] [stdout]    |     could not find `pac` in `stm32f7xx_hal`
[INFO] [stdout] 
[INFO] [stdout] 
[INFO] [stdout] error: language item required, but not found: `eh_personality`
[INFO] [stdout] 
[INFO] [stdout] 
[INFO] [stdout] error[E0152]: found duplicate lang item `panic_impl`
[INFO] [stdout]    --> src/main.rs:314:1
[INFO] [stdout]     |
[INFO] [stdout] 314 | fn panic(_info: &PanicInfo) -> ! {
[INFO] [stdout]     | ^^^^^^^^^^^^^^^^^^^^^^^^^^^^^^^^
[INFO] [stdout]     |
[INFO] [stdout]     = note: the lang item is first defined in crate `std` (which `test` depends on)
[INFO] [stdout]     = note: first definition in `std` loaded from /opt/rustwide/rustup-home/toolchains/af3c6e733a40e671550e0f0f5aeecaa13772ba56/lib/rustlib/x86_64-unknown-linux-gnu/lib/libstd-faa3fd6c69b73b7d.rlib
[INFO] [stdout]     = note: second definition in the local crate (`dashcam_rs`)
[INFO] [stdout] 
[INFO] [stdout] 
[INFO] [stdout] error: aborting due to 2 previous errors
[INFO] [stdout] 
[INFO] [stdout] 
[INFO] [stdout] For more information about this error, try `rustc --explain E0432`.
[INFO] [stdout] 
[INFO] [stderr] error: could not compile `dashcam-rs`.
[INFO] [stderr] 
[INFO] [stderr] To learn more, run the command again with --verbose.
[INFO] [stderr] warning: build failed, waiting for other jobs to finish...
[INFO] [stdout] error: aborting due to 2 previous errors
[INFO] [stdout] 
[INFO] [stdout] 
[INFO] [stdout] Some errors have detailed explanations: E0152, E0432.
[INFO] [stdout] 
[INFO] [stdout] For more information about an error, try `rustc --explain E0152`.
[INFO] [stdout] 
[INFO] [stderr] error: build failed
[INFO] running `Command { std: "docker" "inspect" "813ae0aed0dfe22b0cb31923a4df9ca7ae8cfe43bf72b8c120e2df195bf71d8d", kill_on_drop: false }`
[INFO] running `Command { std: "docker" "rm" "-f" "813ae0aed0dfe22b0cb31923a4df9ca7ae8cfe43bf72b8c120e2df195bf71d8d", kill_on_drop: false }`
[INFO] [stdout] 813ae0aed0dfe22b0cb31923a4df9ca7ae8cfe43bf72b8c120e2df195bf71d8d
